{"version":"1.0","provider_name":"IMECAF - Blog","provider_url":"https:\/\/imecaf.com\/blog","author_name":"Equipo de IMECAF","author_url":"https:\/\/imecaf.com\/blog\/author\/mfonticoba\/","title":"Los ricos pagan tasas muy bajas de impuestos - IMECAF - Blog","type":"rich","width":600,"height":338,"html":"<blockquote class=\"wp-embedded-content\" data-secret=\"JQwI6imaXJ\"><a href=\"https:\/\/imecaf.com\/blog\/2024\/03\/30\/los-ricos-pagan-tasas-muy-bajas-de-impuestos\/\">Los ricos pagan tasas muy bajas de impuestos<\/a><\/blockquote><iframe sandbox=\"allow-scripts\" security=\"restricted\" src=\"https:\/\/imecaf.com\/blog\/2024\/03\/30\/los-ricos-pagan-tasas-muy-bajas-de-impuestos\/embed\/#?secret=JQwI6imaXJ\" width=\"600\" height=\"338\" title=\"\u00abLos ricos pagan tasas muy bajas de impuestos\u00bb \u2014 IMECAF - Blog\" data-secret=\"JQwI6imaXJ\" frameborder=\"0\" marginwidth=\"0\" marginheight=\"0\" scrolling=\"no\" class=\"wp-embedded-content\"><\/iframe><script type=\"text\/javascript\">\n\/* <![CDATA[ *\/\n\/*! This file is auto-generated *\/\n!function(d,l){\"use strict\";l.querySelector&&d.addEventListener&&\"undefined\"!=typeof URL&&(d.wp=d.wp||{},d.wp.receiveEmbedMessage||(d.wp.receiveEmbedMessage=function(e){var t=e.data;if((t||t.secret||t.message||t.value)&&!\/[^a-zA-Z0-9]\/.test(t.secret)){for(var s,r,n,a=l.querySelectorAll('iframe[data-secret=\"'+t.secret+'\"]'),o=l.querySelectorAll('blockquote[data-secret=\"'+t.secret+'\"]'),c=new RegExp(\"^https?:$\",\"i\"),i=0;i<o.length;i++)o[i].style.display=\"none\";for(i=0;i<a.length;i++)s=a[i],e.source===s.contentWindow&&(s.removeAttribute(\"style\"),\"height\"===t.message?(1e3<(r=parseInt(t.value,10))?r=1e3:~~r<200&&(r=200),s.height=r):\"link\"===t.message&&(r=new URL(s.getAttribute(\"src\")),n=new URL(t.value),c.test(n.protocol))&&n.host===r.host&&l.activeElement===s&&(d.top.location.href=t.value))}},d.addEventListener(\"message\",d.wp.receiveEmbedMessage,!1),l.addEventListener(\"DOMContentLoaded\",function(){for(var e,t,s=l.querySelectorAll(\"iframe.wp-embedded-content\"),r=0;r<s.length;r++)(t=(e=s[r]).getAttribute(\"data-secret\"))||(t=Math.random().toString(36).substring(2,12),e.src+=\"#?secret=\"+t,e.setAttribute(\"data-secret\",t)),e.contentWindow.postMessage({message:\"ready\",secret:t},\"*\")},!1)))}(window,document);\n\/\/# sourceURL=https:\/\/imecaf.com\/blog\/wp-includes\/js\/wp-embed.min.js\n\/* ]]> *\/\n<\/script>\n","description":"\u00abLa apreciaci\u00f3n de los bienes de capital ya est\u00e1 gravada a una tasa extremadamente favorable en comparaci\u00f3n con el trabajo. Es por eso que los ricos pagan una tasa efectiva de impuestos tan baja, sin importar cu\u00e1l sea su nivel impositivo marginal.\u00bb James Bennett Stewart (1952- ) Abogado, periodista y autor estadounidense."}

«La apreciación de los bienes de capital ya está gravada a una tasa extremadamente favorable en comparación con el trabajo. Es por eso que los ricos pagan una tasa efectiva de impuestos tan baja, sin importar cuál sea su nivel impositivo marginal.» James Bennett Stewart (1952- ) Abogado, periodista y autor estadounidense.
